 2*k + 3*v - 2*v + 125 = 0, -5*k = -2*v + 317. Let b = -30 - k. Suppose 6*o - 135 = b. Is o a multiple of 14?
True
Suppose 3*w + 2*t = 18898, -19*t + 17*t = 5*w - 31498. Is 9 a factor of w?
True
Suppose 2*s + 4 = h, -s + 3 = 3*h + 2*s. Suppose k = -h*k + 6. Suppose -q + 0*a = 5*a - 72, k*a + 96 = 2*q. Does 4 divide q?
True
Is 22 + -16 - 24*615/20*-2 a multiple of 11?
False
Let j(w) = 332*w**2 + 115*w + 2. Is j(2) a multiple of 20?
True
Let o be (6 - -1 - 5) + -2. Suppose o = -29*m + 11*m + 666. Is 2 a factor of m?
False
Let u = 1230 - 348. Suppose -u + 6286 = 7*f. Is 27 a factor of f?
False
Let v(m) = 72*m**2 - 18*m + 64. Does 14 divide v(-8)?
True
Let n(i) = i**3 - 30*i**2 - 69*i - 16. Suppose 27*b = 299 + 592. Is n(b) a multiple of 22?
False
Suppose 0 = 5*l + 3*k - 22, -2 + 3 = -k. Suppose -3*z + 334 = l*u, 3*u - 203 + 2 = -2*z. Is u a multiple of 4?
False
Suppose -76 = 3*r + 5*v, -2*v = 3*r - v + 68. Let m(w) = -21*w - 51. Is 50 a factor of m(r)?
False
Let u = 3545 - 1911. Is 2 a factor of u?
True
Let p be 33/5 - (-30)/75. Suppose -336 = 9*o - p*o. Is 24 a factor of ((-108)/14)/(18/o)?
True
Suppose -3*d - 304 = 509. Let i = -166 - d. Is 3 a factor of i?
True
Let f(v) = 296*v**2 + 10*v + 62. Does 78 divide f(-4)?
True
Let c(r) = 3*r**2 + r. Let a be c(-2). Let h = 3 - a. Let y(v) = -v**2 - 10*v - 3. Does 14 divide y(h)?
False
Let h(m) = 6*m - 7. Let l be h(2). Suppose 2*z = -l*n + 450, -z - 2*z + n = -675. Suppose -3*k = 3*j - z, 153 = 2*j + k + 2*k. Does 6 divide j?
True
Let f(m) = m**2 + 6*m + 7. Let k be f(-5). Suppose -247*n + 129*n - 66 = -151*n. Suppose 3*g + t - 49 = 0, 4*g - 30 = k*g + n*t. Is g a multiple of 8?
True
Suppose x + 5*a + 28 = 0, 4*a = -3*x - 26 - 3. Let q(v) = -7*v - 3. Let r be q(x). Suppose -r*s = -8*s - 130. Is s even?
False
Suppose -159*b = -97*b - 81*b + 107464. Does 14 divide b?
True
Let d = -666 + 668. Suppose -4*c = -5*i - 127 - 382, -4*c + d*i + 506 = 0. Is 18 a factor of c?
True
Suppose -15 = -r - 12. Let v be 50/15 - 1/r. Suppose y + 256 = 4*y + 5*o, 0 = 4*y - v*o - 293. Does 8 divide y?
False
Suppose 10*v + 16 - 36 = 0. Suppose 3*x + b = 2330, -4*x - v*b = -3*x - 785. Does 36 divide x?
False
Let i(x) = x**2. Let v = -27 + 28. Let c(b) = 3*b**2 - 4*b - 1. Let q(t) = v*c(t) + 4*i(t). Does 25 divide q(3)?
True
Let k be ((-8052)/88)/((-3)/4). Suppose -142 = -6*n + k. Does 12 divide n?
False
Suppose 3627*j - 3548*j = 310075. Does 10 divide j?
False
Let m be 158/869 + 299/(-11). Does 42 divide (m + 216)*8/2?
True
Let l = -1539 + 3834. Is 27 a factor of l?
True
Suppose 3*d - 3*w - 36 = 0, 0*d + 5*w - 42 = -d. Suppose 2*g = 4*v - 0*g + 14, -4*v + g - d = 0. Let c(i) = i**3 + 5*i**2 - 2*i + 9. Does 2 divide c(v)?
False
Let m(g) = -g**3 + 26*g**2 + 25*g + 56. Let j be m(27). Suppose 4*y + 2*u + 517 = -3067, j*u = 0. Is 15 a factor of y/(-12) + 1 - (-4)/(-6)?
True
Let d = -298 - 203. Let s = -213 - d. Does 18 divide s?
True
Suppose 9*p - 92 + 29 = 0. Suppose -631 = p*u - 2710. Is 41 a factor of u?
False
Let t(b) = -b**2 - 3*b + 79. Let g be t(-10). Suppose -5*n - 160 + 5 = 0. Let h = g - n. Is h a multiple of 8?
True
Suppose 4*i + i = 0. Let p(l) = -21*l + 160. Let z(u) = -8*u + 53. Let n(g) = 3*p(g) - 8*z(g). Does 14 divide n(i)?
True
Let t(v) be the first derivative of -13*v**2/2 - 28*v - 11. Let m = 6 - 18. Is 24 a factor of t(m)?
False
Let h = 264 - 236. Suppose -13*b + 11480 = h*b. Is 40 a factor of b?
True
Let n be (-13)/(-65) + (-1308)/(-10). Suppose -i + 4*i - 249 = 0. Let h = n - i. Does 12 divide h?
True
Let k = 15 + -19. Let y(q) = -q**2 + 12*q + 3. Let w be y(12). Is 4 a factor of (k - -5)/(0 - w/(-156))?
True
Let f be 7/((-21)/36) - -4. Is (11/(-88) + 31/f)*-7 a multiple of 7?
True
Let b(q) = -7*q**3 + 40*q**2 + 43*q - 19. Let y(z) = -3*z**3 + 19*z**2 + 21*z - 9. Let h(v) = -2*b(v) + 5*y(v). Is 60 a factor of h(8)?
False
Let t = -449 - -317. Let s = t - -219. Is 4 a factor of s?
False
Let x(k) = 3*k**2 - 4*k - 2. Let j be x(2). Suppose -3*c + 1980 = c - j*v, 5*c + v = 2468. Is 13 a factor of c?
True
Let v(j) = -13*j + 37. Let z(i) = 13*i - 38. Let t(u) = -6*v(u) - 7*z(u). Let s be t(5). Is (-9)/s - 1131/(-7) a multiple of 9?
True
Let a = 14 - 8. Let l(f) = 25*f**2 + 4*f + 24. Let z(h) = -5*h**2 + 2*h - 12. Let k(c) = l(c) + 4*z(c). Does 57 divide k(a)?
True
Let n(x) = 187*x**3 + x**2 - 281*x + 1662. Is n(6) a multiple of 91?
True
Suppose 0 = 10*x - x + 14575 - 44185. Is x a multiple of 10?
True
Suppose 29*j - 37*j = -16. Is 12 a factor of 1*(-35 - -3)*(-17)/j?
False
Let v = 3180 - 592. Is 13 a factor of v?
False
Let y be 1365/6 + 3/(-6). Suppose -9*u - y = -13*u + 3*b, 5*b = 15. Does 11 divide u?
False
Let a = -48 + 70. Let n(l) = -2 - 15 + 5 - a*l - 15. Is 35 a factor of n(-6)?
True
Suppose 245*d - 257*d + 168 = 0. Is 11 a factor of 10/(0 - d/(-847))?
True
Let o = 188 - 186. Suppose -h + 407 = -5*w, -o*h + 4*w + 793 = w. Is 14 a factor of h?
True
Suppose 113*u - 75066 - 1954 - 75869 = 0. Is u a multiple of 13?
False
Let o(z) = 19*z - 6. Suppose -2 = -9*d + 7. Let c be o(d). Suppose 14*r - 19 = c*r. Is 9 a factor of r?
False
Let g = 7188 - 1842. Is g a multiple of 99?
True
Let f be -4 + 34/8 - 143/(-4). Suppose f*j = 31*j - 1160. Let q = -85 - j. Does 21 divide q?
True
Is 3 a factor of 6/8 - -4*(-50)/(-32) - -1148?
True
Suppose 52*q - 78324 = 574387 - 125743. Does 31 divide q?
False
Suppose 61*i - 52*i = 1539. Suppose u = 3*v - 533, -2*u - i = 23*v - 24*v. Is v a multiple of 5?
False
Is 16 a factor of (-1728)/(-270)*((-95946)/(-84) + (-4)/(-14))?
True
Suppose -2*x + 237659 = 45*x - 150091. Is 15 a factor of x?
True
Let w = 335 - 629. Suppose -4*d + 0 = -4, -d = 2*p - 841. Let o = w + p. Is 9 a factor of o?
True
Let p(w) = 61*w**2. Let x be p(1). Let l be (-55)/(-4) + 1 + 9/36. Let v = l + x. Is 19 a factor of v?
True
Let w(m) = -39*m**3 + 26*m**2 + 175*m - 61. Is 45 a factor of w(-7)?
True
Let s be (-22547)/(-56) + (-9)/(-24). Suppose 3*a + 5*h = s, -6*a = -4*a + 3*h - 268. Is 5 a factor of a?
False
Suppose -2*q = -46 - 34. Let j = 109 - q. Is 15 a factor of j?
False
Suppose 0 = -5*n + 2*h + 1891, 4*n = 2*n + 3*h + 763. Let q = n - -667. Does 87 divide q?
True
Suppose -2*w + 1046 = 3*l, 1447 - 403 = 2*w + 2*l. Suppose -2*m + w = 5*z, 5*z - 520 = -9*m + 14*m. Does 62 divide z?
False
Suppose -2*g + 3*o = 565, -g - 3*o - 49 - 238 = 0. Let u = g + 320. Does 18 divide u?
True
Suppose -4*k + 7*k + 3*k = 63192. Does 19 divide k?
False
Let j(v) = -105*v**3 + 6*v**2 - 9*v - 10. Is 7 a factor of j(-1)?
False
Suppose 117*s + 48499 = 203290. Is s a multiple of 2?
False
Let w(p) = 18*p**3 - 2*p**2 - p + 4. Suppose 35 = -33*k + 28*k. Let u(b) = -6*b**3 + b**2 - 1. Let y(c) = k*u(c) - 2*w(c). Is 26 a factor of y(2)?
False
Suppose -8*n - 42 = 206. Let i = n - -55. Let k = i + 24. Is k a multiple of 4?
True
Let o(l) be the second derivative of -5*l**3/6 + 39*l**2 + 23*l + 1. Is o(-34) a multiple of 4?
True
Does 41 divide (210/63)/((-8)/3) + 257914/8?
False
Let h be (-15)/12 + 2 + 57/4. Suppose -2*d - 2*z = -384, 5*d - 933 = -z + h. Suppose 0 = -3*v + 2*p + d, 63 = v - 0*p - 3*p. Is v a multiple of 30?
False
Suppose -2*z + 4*g = -136, -5*g = -34 + 64. Is z a multiple of 2?
True
Let v = 1647 + 1250. Is 3 a factor of v?
False
Suppose -114*j + 1466 = -112*j + 4*p, -4*j + 4*p + 2956 = 0. Is j a multiple of 20?
False
Let a(r) = -r**3 - 11*r**2 - 10*r + 18. Let h be a(-10). Does 17 divide h/(-36) - (-1261)/2?
False
Let h = 1457 + -483. Is 71 a factor of h?
False
Suppose -129 - 53 = 2*l - p, 5*l = -3*p - 477. Let j = l - -328. Is 40 a factor of j?
False
Let c = -274 - -270. Is 2 a factor of (33/6*-26 + c)*-1?
False
Suppose -3*t + 13 - 1 = 0. Suppose 361 = 19*y - 323. Suppose -t*j + y = -240. Is j a multiple of 23?
True
Suppose -9*g - 260 = -11*g - 4*l, 2*g = -3*l + 253. Is g a multiple of 11?
False
Suppose -7*v + 2158468 = 96*v. Is v a multiple of 52?
True
Is (-2 + -598)*259/(-148) a multiple of 30?
True
Let z be 2/4 + -7*7/(-14). Suppose 2*t + z*d - 1464 = -3*t, -4*t + 4*d = -1164. Is 20 a factor of t?
False
Let n(q) = -27*q**3 + 5*q**2 + 10*q - 6. Is 84 a factor of n(-5)?
True
Let m(z) = -622*z + 880. Is 12 a factor of m(-8)?
True
Suppose 11500 = 3*z - 3*i + 2*i, -4*z = 2*i - 15350. Is 24 a factor of z?
False
Suppose 0*g - 